t x = y - -72. What is the tens digit of x?
9
Let d(f) = 659*f - 1775. What is the tens digit of d(8)?
9
Let h(n) = 251*n**2 - 496*n - 4371. What is the thousands digit of h(-9)?
0
Let f be 1*10 + 174/(-29). Suppose -f*p + 12*p - 5096 = 0. What is the hundreds digit of p?
6
Suppose 3*b + l - 9628 = 0, 5*b - 13312 - 2736 = -2*l. What is the thousands digit of b?
3
Let w(y) = 21*y + 149. Let k be w(-7). Suppose 13938 = 25*c - k*c. What is the units digit of c?
6
Let f(a) = 44*a**2 + 64*a - 92. What is the tens digit of f(-13)?
1
Let p(q) = -q**2 + 8. Let r be p(-2). Suppose -5*s - 1674 = -2*n + 246, -4*n + 3828 = -r*s. What is the tens digit of n?
5
Let k be 15/(-35) + 18/42. Suppose k = 3*u + 96 - 435. What is the tens digit of u?
1
Let d = -533 + 532. What is the tens digit of (16/(-20))/(d/(-2 + 107))?
8
Let i = -70 - -63. Let q = -5 - i. Suppose 0 = -q*h + 4*k + 92 + 96, -4*k + 112 = h. What is the hundreds digit of h?
1
Let x(s) = 7*s**3 - 1. Let t be x(-1). Let o(b) be the first derivative of -31*b**2/2 + 9*b + 3815. What is the hundreds digit of o(t)?
2
Let d = -14 + 16. Let s be 0 - (-234)/(d - 0). Let t = -52 + s. What is the units digit of t?
5
Suppose 3*v + 46*q - 74790 = 51*q, 3*q = -18. What is the ten thousands digit of v?
2
Suppose 27*n + 11*n = -31*n + 2678304. What is the tens digit of n?
1
Let m(i) = 14*i**2 + 159*i + 51. What is the hundreds digit of m(9)?
6
Let q(r) = 2*r**3 - 13*r**2 - 26*r + 9. Let t be q(14). Suppose 6*k - t = k. What is the tens digit of k?
1
Let a(w) = -w**3 - 21*w**2 - 19*w + 23. Let f be a(-20). Suppose r - 5*n + f*n - 131 = 0, -4*r - 4*n = -476. What is the tens digit of r?
2
What is the thousands digit of 9361 + ((-7)/21)/(4/(-36))?
9
Suppose -11*n = -14*n + 6. Suppose -3*k - n*b + 26 = 0, 0*k = 3*k + b - 25. Suppose -9*x + 85 = -k*x. What is the tens digit of x?
8
Suppose -l + 4*n + 70276 = 0, -5*l + 351499 = 176*n - 179*n. What is the ten thousands digit of l?
7
Suppose -3*k = -3*y + 43518, -3*y + 26*k - 21*k = -43524. What is the ten thousands digit of y?
1
Suppose -5*x + 4*g = -g - 48990, 3*x - 29398 = 2*g. Suppose -3*y + x = 23*y. What is the hundreds digit of y?
3
Suppose -6*j + 12 = -0. Suppose 4*x - 3*k - 25 = 0, -j*k - 15 = -3*x + 3. Suppose x*l - 7 = 193. What is the units digit of l?
0
Suppose 0 = -2*v - y + 7, -5*v - 5*y = -28 - 2. What is the tens digit of 46 - (v/2*-2 - 3)?
5
Let k = -8618 - -19077. What is the ten thousands digit of k?
1
Let g(k) = k**3 + 5*k**2 + 11*k + 4. Let y be g(-2). What is the tens digit of ((-310)/25)/(y/30)?
6
Suppose -13*p + 99 + 57 = 0. Suppose 0 = 3*z - 3, -4*s + 459 = 3*z - p. What is the units digit of s?
7
Suppose 10*h = h + 3654. Let s = 89 - 85. Suppose 0 = -y - s*y + 4*n + h, 0 = -5*y + n + 394. What is the units digit of y?
8
Let g be (-8)/(-24) + ((-25)/3)/(-5). Suppose -7*k - g*i + 2695 = -4*k, 2*k + 5*i - 1793 = 0. What is the tens digit of k?
9
Suppose -248*k = -230*k - 62406. What is the units digit of k?
7
Let o(z) = 49*z**3 + 3*z**2 + 3*z + 2. Let t be o(-2). Let u = 585 + t. What is the units digit of u?
1
Let k(j) = 39*j + 41. Let l(n) = 20*n + 23. Let p(d) = 4*k(d) - 9*l(d). What is the units digit of p(-11)?
1
Let d(g) = -g**2 + 5. Let o be d(0). Suppose -b + 725 = 4*h, -3*b + 368 = -o*h + 1287. Let p = h - 119. What is the tens digit of p?
6
Let n(i) = i**2 + 3. Suppose -g - 1 = 0, 4*g + 5 = 4*q - 11. Let r be n(q). Let h(l) = 10*l - 19. What is the tens digit of h(r)?
0
Suppose 99*g - 157116 = 221856. What is the thousands digit of g?
3
Suppose 0 = -50*m + 32*m + 5814. Suppose -f = -5*s - m, -4 = -22*s + 26*s. What is the hundreds digit of f?
3
Let w be 64/6*19323/114. Let z = -1240 + w. What is the tens digit of z?
6
Suppose 2*l = -2*y - 510, 744 = -3*y + 4*l - 0*l. What is the units digit of 8 + (-205)/25 + y/(-10)?
5
Let h be (-4)/(-1)*12/(-24). What is the units digit of (-1292)/(-20) + h/(-5)?
5
Let m = -151 - -148. What is the units digit of m + -2 + 5 + 248?
8
Suppose 40*r = 4*r + 91944. What is the hundreds digit of r?
5
Suppose 0 = 490*r - 205*r - 2826915. What is the thousands digit of r?
9
Let u = -5941 + 10684. What is the hundreds digit of u?
7
Let d(v) = -13*v**3 + 62*v**2 - 80*v + 36. Let x(w) = 3*w**3 - 16*w**2 + 20*w - 9. Let k(j) = 2*d(j) + 9*x(j). What is the hundreds digit of k(20)?
3
Let q = -1632 - -2387. Suppose m = 1459 - q. What is the units digit of m?
4
Let t(o) = 2*o**3 - 209*o**2 - 32*o + 593. What is the ten thousands digit of t(107)?
5
Let s(w) = -3*w**2 + 3*w + 8. Let h be s(4). What is the tens digit of (-3 - (-115)/35) + (-6124)/h?
1
Suppose 0 = -0*s - 6*s + 6. Let m(d) = 2*d**2 + 2*d + 111. Let x(c) = c**2 - c - 1. Let n(l) = s*m(l) - 3*x(l). What is the tens digit of n(0)?
1
Let x be -2 + -3 + 9 + -15. Let z = x + 6. Let k(q) = 4*q**2 + 2*q - 14. What is the units digit of k(z)?
6
Let g(b) = b**2 + 4*b. Let a be g(4). Let o = -28 + a. Suppose 5*p + 3*c - 5*c = 477, -o*p - c + 392 = 0. What is the units digit of p?
7
Let f(y) = -4215*y + 3119. What is the hundreds digit of f(-8)?
8
What is the hundreds digit of 126122/14 + 770/2695?
0
Let t be 149*((1 - 12/4) + 1). Let y = t + 480. What is the tens digit of y?
3
Suppose 106*u + 730033 - 1226823 = 1401988. What is the units digit of u?
3
Let y be 1 + 28 + (-7 - -5). Suppose 0*j = 5*j + 15. Let o = y + j. What is the units digit of o?
4
Let s = 7174 + -3292. What is the thousands digit of s?
3
Suppose -24*m + 3*m = 0. Suppose -15*n + 10*n + 2675 = m. What is the units digit of n?
5
Let c be 2/8 - (-1590)/8. Suppose -3*q = -2*h - 83 - 57, -4*q = h + 59. Let u = h + c. What is the hundreds digit of u?
1
Suppose 3*t = -12, 3*n - 4*t - 13225 = 10593. What is the thousands digit of n?
7
Suppose 22*u - 53 = 57. Suppose 850 = u*a + h, 4*a + 2*h = 132 + 542. What is the tens digit of a?
7
Suppose 0 = -54*f + 2572442 - 396998. What is the ten thousands digit of f?
4
Let i(q) = 9*q**2 - 972*q + 486. What is the tens digit of i(108)?
8
Suppose 283*x = 300*x - 87652. What is the thousands digit of x?
5
Let s = 364 - 381. Let n(u) = -6*u + 100. What is the hundreds digit of n(s)?
2
Let z(h) = 5*h**2 - 18*h + 18. Let j(x) = 4*x**2 - 17*x + 17. Let g(p) = -6*j(p) + 5*z(p). Suppose -5*y + 22 = -13. What is the tens digit of g(y)?
2
Let y(t) = -t**3 - 14*t**2 + 12*t + 22. What is the thousands digit of y(-24)?
5
Let m(f) = -3*f + 6. Let w be m(-8). Suppose -w = -7*k + 12. What is the units digit of 1 + 256/k - (-20)/(-30)?
3
Let c be (-4)/5*((-150)/12)/5. Suppose -12*y + 7130 = -c*y. What is the tens digit of y?
1
Suppose k - 7 = -g, -3*g - 2*g = -2*k - 49. Let o(v) = -4304*v + 9 + 4 + 4303*v. What is the units digit of o(g)?
4
Suppose -5*b = -5*i - 25, -2*i + 5 = -5. Let k(l) = l**2 - 10*l + 3. Let r be k(b). Suppose r*a = -2*q + 6*q + 190, -a + 95 = 5*q. What is the units digit of a?
0
What is the tens digit of 111228/3 + (0 - 14)?
6
What is the tens digit of -9 + (-61)/(-183)*(1 - -9542)?
7
Let p(o) = 48*o - 45. Let q(s) = -94*s + 91. Let b(w) = -5*p(w) - 3*q(w). What is the units digit of b(7)?
6
Let b be (-8)/52 + 708/39. Suppose -b*h + 20*h = 300. Suppose -4*v + h = 42. What is the tens digit of v?
2
Let h(a) = a**3 - 6*a + 16. Suppose -2*b + n + 9 = 0, 3*b + 4*n - 35 = -5. What is the hundreds digit of h(b)?
1
Let g = 103345 + -39898. What is the thousands digit of g?
3
Suppose 292*i - 318*i = -133978. What is the tens digit of i?
5
Suppose s = 6*d - 24, -2*d - 3*s + 8 = -2*s. Suppose -2*b + 4*j - j = -304, -568 = -4*b - d*j. What is the units digit of b?
6
Let r(d) = 24 - 9*d + 1 - 2 + 6. What is the units digit of r(-10)?
9
Suppose -10*k + 3*k = -35. Suppose -19680 = k*s - 25*s. What is the hundreds digit of s?
9
Suppose -43*n + 1351223 + 1637879 = 0. What is the thousands digit of n?
9
Let u(v) = 27*v**2 + 4*v + 6. Let p be (8 + -1)/(-9 + 10). Suppose 2*l - p*l = 10. What is the units digit of u(l)?
6
Let d(s) = -s**3 - 13*s**2 - 2*s + 3. Let t be d(-13). Let w = -31 - -34. What is the units digit of t + -2 + w - 0/4?
0
Suppose -3*p - 9449 = -5*j, -j + 1882 = -0*j + 2*p. Suppose -a + j = 15*a. What is the units digit of a?
8
Suppose 12 + 4 = 4*d. Let i(h) = 34*h**2 - 3*h + 25. What is the units digit of i(d)?
7
Let t(k) = -k**3 + 12*k**2 - 3*k + 6. Let x(o